3 + -93. Calculate the remainder when b is divided by 31.
28
Let z(u) = 3*u**2 - 16*u + 7. Calculate the remainder when 113 is divided by z(6).
18
What is the remainder when (-4)/5*145/(-2) is divided by (-5)/(6/(-18)*1)?
13
Suppose 3*y - 53 = -2*d, -4*y + d = -4*d - 86. Calculate the remainder when 54 is divided by y.
16
Suppose -19 = -x - 2*q, -6 + 0 = -2*q. What is the remainder when x is divided by 7?
6
Calculate the remainder when 8 - (3 - 8/4) is divided by 4.
3
Suppose -108 = -8*u + 5*u. Suppose 2*g = u + 30. Calculate the remainder when g is divided by 9.
6
Let d(x) = 2*x**2 - x + 4*x + 3*x - x**2. What is the remainder when d(-8) is divided by 9?
7
Let n be 12/(-3) + 1 + 5. Suppose -n*b + 8 = -20. What is the remainder when b is divided by 8?
6
Let h = 8 - -9. Let g = -293 - -105. What is the remainder when 4/6 - g/6 is divided by h?
15
Suppose 64 = 2*c - 52. Let q = c - 39. What is the remainder when q is divided by 10?
9
Suppose -19 = -2*u - 3. Calculate the remainder when u is divided by 5.
3
Suppose 5*o = j + 130, 4*o + j - 2*j - 105 = 0. Suppose -o = q - 0*q. Let a = -8 - q. Calculate the remainder when a is divided by 9.
8
Suppose 2*w = 4 + 6. Suppose p + 0 - 1 = -j, -w*p = -4*j - 5. Suppose j = -3*t + 2*t + 10. What is the remainder when 18 is divided by t?
8
Let x = 0 - -1. Let u(i) = 12*i**3 + 2*i**2 - 2*i + 1. Calculate the remainder when ((-15)/20)/((-2)/64) is divided by u(x).
11
Suppose 5*k = 77 + 8. Calculate the remainder when 83 is divided by k.
15
Let h be 2/8 - 62/(-8). Suppose -6*i = -2*i + 92. Let x = h - i. Calculate the remainder when x is divided by 11.
9
Let f be (-2*1 - -4)*1. Suppose 0 = -f*g + g + 17. Calculate the remainder when g is divided by 5.
2
Calculate the remainder when 59 is divided by 1236/60 - 6/10.
19
Let a be (6/(-4))/(-1)*-2. Let t = a + 5. Calculate the remainder when 3*3 - 4/t is divided by 4.
3
Let z(m) = 6*m + 21. Calculate the remainder when z(25) is divided by 43.
42
Suppose -11*z = -7*z - 108. What is the remainder when z is divided by 14?
13
Let f = -16 + 20. Suppose -f*q + 60 = -4*w, -2*q - 5*w + 0*w + 58 = 0. Let i = -6 - -13. What is the remainder when q is divided by i?
5
Let o(x) = -x**3 - 5*x**2 + x + 5. Let j be o(-6). Suppose -r + 25 + j = 0. Suppose 0 = 2*a + 14 - r. Calculate the remainder when a is divided by 8.
7
What is the remainder when 35 is divided by (-1364)/(-110) - 3/(-5)?
9
Let k = 26 + -2. Calculate the remainder when 142 is divided by k.
22
Suppose m - 4*m = -3*u - 144, 0 = m + u - 48. What is the remainder when m is divided by 17?
14
Suppose 0*g + 3 = -3*g. Let x be 18/g*(-15)/10. Suppose -57 - x = -4*o. What is the remainder when o is divided by 6?
3
Let v(z) = -z**3 + 12*z**2 + 12. Suppose -g = -7 - 5. Calculate the remainder when v(g) is divided by 5.
2
Calculate the remainder when 1737/36 - 5/4 is divided by 14.
5
Let t(m) = 4*m + m**3 + 4*m**2 - 2 - 6*m - 3. Let f be t(-4). What is the remainder when 29 is divided by 15 + (-2 + f - 1)?
14
Suppose -5*v + 64 = -46. Suppose -v = -5*n + 13. Suppose -4*g + 3*o = -24, 3*o - n = g - o. What is the remainder when 33 is divided by g?
6
Let f = -28 + 56. Calculate the remainder when 111 is divided by f.
27
Let q(l) = -l**2 + 21. Suppose -3*s + i - 2 = -0*s, -2*s - 2*i + 4 = 0. What is the remainder when q(s) is divided by 12?
9
Suppose -u + 25 = b, -3*b + 0*b - 2*u = -76. Suppose y - b = -4*f, -28 = -5*f - 0*y + y. Calculate the remainder when f is divided by (8/6)/((-3)/(-9)).
2
Let y = -94 + 65. Let h = 26 - y. What is the remainder when h is divided by 19?
17
Let a be ((-4)/6)/(6/(-81)). Calculate the remainder when 38 is divided by 92/a + 2/(-9).
8
Let j = -4 - -7. Calculate the remainder when 41 is divided by (-1)/(j/(-33))*1.
8
What is the remainder when -4*1*357/(-14) is divided by 26?
24
Let v(g) = g**3 - 7*g**2 + 3*g - 1. Calculate the remainder when 56 is divided by v(7).
16
Suppose -5 = a - 13. Let k = -6 - -24. Let q = k - a. Calculate the remainder when q is divided by 6.
4
Suppose -l = -5*a + 7 - 39, -4*a = -2*l + 82. Calculate the remainder when l is divided by 12.
11
Let k = -8 - -1. Suppose 4 = -10*u + 6*u. What is the remainder when ((-36)/(-14))/(u/k) is divided by 5?
3
Let p = 10 + -20. Let s = p + 46. Let r = s - 20. What is the remainder when r is divided by 9?
7
Suppose 1 = -0*n + n. Suppose -o = -2*m + 1, 6*m - 1 = 3*o + 2*m. Calculate the remainder when n is divided by o.
0
Let t = -21 - -15. What is the remainder when 2*(-3)/t*17 is divided by 6?
5
Let y(z) = 2*z**2 - 7*z + 1. Let l = -408 + 864. What is the remainder when l/15 - (-6)/(-15) is divided by y(5)?
14
Suppose -2*z + 3*z - 1 = -2*j, -12 = 4*j. Calculate the remainder when 8/16 + (-74)/(-4) is divided by z.
5
Let x be (-5)/((-5)/(-4)) - 86. What is the remainder when 30 is divided by (-726)/(-45) - (-12)/x?
14
Let a(y) = 9*y. Let f be a(1). Let o(j) = -j**3 + 10*j**2 - 8*j - 6. Let r(h) = -h - 5. What is the remainder when r(-11) is divided by o(f)?
0
Suppose 0 = -2*a + 14 - 6. Suppose a*s - 87 - 245 = 0. What is the remainder when s is divided by 21?
20
Suppose 64 = 2*j + 14. What is the remainder when j is divided by 9?
7
Let z be (68/1)/(2/2). Suppose 5*f - z = -s, -2*f + 2*s + 18 = -f. Calculate the remainder when (-90)/(-21)*56/6 is divided by f.
12
Suppose -7*d + 129 = -4*d. What is the remainder when d is divided by 22?
21
Suppose 4*j + 4 = -4. Let c = 7 + j. What is the remainder when c is divided by 4?
1
Suppose 7*k + 4 = 2*d + 3*k, -3*k = -5*d + 3. Let f be (-4)/(-8)*(-6 + d). Let m = 5 + f. What is the remainder when 2 is divided by m?
0
Suppose 0 = 4*u + u + 30. Let p = u - -12. What is the remainder when 22 is divided by p?
4
Suppose 0 = 4*s - 9*s + 30. Calculate the remainder when 15 is divided by s.
3
Let m be 1/(1 + (-4)/6). Suppose m*g - 55 = -2*n, 3*n = 5*g + 32 + 3. Let z = -11 + n. Calculate the remainder when z is divided by 5.
4
Suppose -3*g + 31 = 7. Calculate the remainder when g is divided by 5.
3
Suppose 0 = 4*s - 11 - 1. Suppose -2*q + 32 = 2*q. What is the remainder when q is divided by s?
2
Let i be (14 + -1)*(-2)/(-1). Suppose 5*p - i - 4 = 0. Calculate the remainder when 14 is divided by p.
2
Suppose 0 = -5*h + 57 + 113. What is the remainder when h is divided by 12?
10
Let d(f) = -f**2 + 6*f + 2. Let i(y) = -y**3 + y**2 - y - 13. Let k be i(0). Let a = -1 - k. What is the remainder when a is divided by d(5)?
5
Calculate the remainder when 6/(4/(-10) + 572/1280) is divided by 26.
24
Let n = 13 - 8. Let x be (-3)/6*42/(-3). Suppose 0 = 4*f - x*f + 24. Calculate the remainder when f is divided by n.
3
Suppose -p = 5*n - 19, 5*n - 2 - 22 = 4*p. Let i = n - 1. Calculate the remainder when 0 - (-1)/(-1)*-5 is divided by i.
2
Suppose 0 = 4*m - 39 - 65. Suppose -2*c - g + 29 = 0, -3*c - g + 3*g = -m. Calculate the remainder when 35 is divided by c.
11
What is the remainder when 18 is divided by (5 - 0) + (-4)/(-2)?
4
Let q be (-4)/6 + 15/9. Let y be -1 + 0 + 10 + q. Suppose -4*d + 38 = y. What is the remainder when 19 is divided by d?
5
Let n = 29 - 10. What is the remainder when 36 is divided by n?
17
Suppose 0 + 2 = j. Suppose 5*p - 3*r - 96 = 34, -2*p - j*r = -52. Calculate the remainder when 75 is divided by p.
23
Let r(c) = -c**3 + 2*c**2 + c + 2. Let i be r(2). Suppose -x - 4 = 0, 3*v - 5*v = -i*x - 28. What is the remainder when v is divided by 4?
2
Suppose 5*f - 22 + 2 = 0. Suppose c = -f*p - 0*c + 30, -p + 4*c - 1 = 0. What is the remainder when 49 is divided by (3 - p)*34/(-8)?
15
Let p(f) = 6*f + 1. Let y be p(-4). What is the remainder when y/(-5) - 2/(-5) is divided by (0 - -2) + 4 + -4?
1
Suppose -5 - 165 = -5*d. Calculate the remainder when d is divided by 18.
16
Let q be 4/(-3)*(-6)/4. Suppose 6*o = i + 2*o - 23, -q*o = -5*i + 61. Suppose w - 4*w = -129. Calculate the remainder when w is divided by i.
10
Let q(r) = r + 11. What is the remainder when 87 is divided by q(11)?
21
Let u = 71 + -51. Suppose 0*j + 4*d = 4*j + 4, -3*d = j - 19. Suppose -1 = -j*v + 27. Calculate the remainder when u is divided by v.
6
Let h(x) = 14*x - 1. Suppose 4*d + 42 = 3*t, 39 = -7*d + 2*d - 3*t. Let g be (-10)/(-6) + 6/d. What is the remainder when h(g) is divided by 5?
3
Let z(p) = -p**3 + p**2 - p + 20. S